a factor of 1701?
False
Is 31 a factor of 3472?
True
Does 10 divide 1656?
False
Is 506 a multiple of 12?
False
Does 4 divide 83?
False
Does 29 divide 841?
True
Is 26567 a multiple of 69?
False
Is 8 a factor of 141?
False
Is 10 a factor of 45170?
True
Does 62 divide 6882?
True
Is 491 a multiple of 16?
False
Does 322 divide 29797?
False
Is 7 a factor of 314?
False
Is 5 a factor of 123?
False
Does 21 divide 714?
True
Is 60 a factor of 6480?
True
Does 73 divide 146?
True
Is 287 a multiple of 7?
True
Is 1072 a multiple of 16?
True
Is 41 a factor of 11357?
True
Is 1155 a multiple of 14?
False
Is 11 a factor of 38292?
False
Does 281 divide 30123?
False
Is 31 a factor of 6249?
False
Is 24 a factor of 2607?
False
Is 18 a factor of 6801?
False
Is 15 a factor of 1812?
False
Is 6248 a multiple of 8?
True
Is 214 a factor of 17762?
True
Is 2 a factor of 2718?
True
Does 18 divide 14868?
True
Does 44 divide 113?
False
Is 31528 a multiple of 28?
True
Is 1178 a multiple of 31?
True
Is 176 a multiple of 3?
False
Does 5 divide 817?
False
Is 11559 a multiple of 21?
False
Does 80 divide 30878?
False
Is 15 a factor of 4034?
False
Does 6 divide 68?
False
Is 10 a factor of 287?
False
Is 66 a factor of 2310?
True
Does 14 divide 2891?
False
Is 61 a factor of 4087?
True
Is 19 a factor of 840?
False
Is 55 a factor of 5060?
True
Is 27 a multiple of 27?
True
Is 11 a factor of 539?
True
Is 781 a multiple of 11?
True
Is 28 a factor of 3864?
True
Is 607 a multiple of 11?
False
Is 4 a factor of 416?
True
Does 22 divide 2219?
False
Is 1080 a multiple of 9?
True
Is 11 a factor of 23474?
True
Is 20013 a multiple of 30?
False
Does 17 divide 11740?
False
Does 47 divide 893?
True
Does 17 divide 3695?
False
Is 61 a factor of 12200?
True
Is 14 a factor of 866?
False
Does 2 divide 635?
False
Is 39 a factor of 208?
False
Is 11 a factor of 857?
False
Is 9 a factor of 90?
True
Does 22 divide 506?
True
Is 4 a factor of 274?
False
Is 3 a factor of 1944?
True
Is 92 a multiple of 23?
True
Does 70 divide 20856?
False
Is 26 a factor of 962?
True
Is 21 a factor of 3171?
True
Does 39 divide 1443?
True
Is 17 a factor of 221?
True
Is 23785 a multiple of 5?
True
Does 47 divide 13242?
False
Does 13 divide 23439?
True
Is 23 a factor of 584?
False
Does 36 divide 6309?
False
Does 10 divide 6330?
True
Is 44953 a multiple of 15?
False
Does 90 divide 55137?
False
Is 260 a multiple of 26?
True
Is 3304 a multiple of 14?
True
Does 52 divide 6943?
False
Does 13 divide 23317?
False
Is 9 a factor of 333?
True
Does 9 divide 45?
True
Does 11 divide 1067?
True
Is 30 a factor of 3018?
False
Does 16 divide 944?
True
Does 56 divide 3640?
True
Does 31 divide 665?
False
Is 16 a factor of 6976?
True
Is 2886 a multiple of 27?
False
Does 9 divide 377?
False
Is 817 a multiple of 6?
False
Does 2 divide 11?
False
Is 32 a factor of 6742?
False
Is 1880 a multiple of 10?
True
Is 13197 a multiple of 21?
False
Does 39 divide 2885?
False
Does 9 divide 657?
True
Is 7 a factor of 2282?
True
Is 18 a factor of 1602?
True
Is 14 a factor of 518?
True
Is 15 a factor of 32262?
False
Is 58 a factor of 4060?
True
Is 32 a factor of 9568?
True
Does 6 divide 7150?
False
Is 45 a factor of 33210?
True
Does 136 divide 8568?
True
Is 34 a factor of 11084?
True
Is 19 a factor of 3876?
True
Does 19 divide 1572?
False
Is 2098 a multiple of 19?
False
Is 1776 a multiple of 85?
False
Is 1878 a multiple of 6?
True
Does 183 divide 3294?
True
Is 50 a multiple of 5?
True
Is 42 a factor of 5292?
True
Is 238 a multiple of 7?
True
Does 27 divide 16686?
True
Is 107 a factor of 4897?
False
Does 25 divide 3175?
True
Is 79 a factor of 3950?
True
Is 29 a factor of 1015?
True
Is 96 a multiple of 16?
True
Is 12520 a multiple of 26?
False
Does 15 divide 21289?
False
Is 18 a factor of 738?
True
Is 380 a factor of 69385?
False
Does 9 divide 1287?
True
Is 303 a multiple of 2?
False
Is 65 even?
False
Does 114 divide 138410?
False
Is 26220 a multiple of 19?
True
Is 3153 a multiple of 41?
False
Is 14 a factor of 854?
True
Is 48484 a multiple of 46?
True
Is 46 a factor of 14676?
False
Is 16160 a multiple of 80?
True
Is 8556 a multiple of 2?
True
Is 14156 a multiple of 5?
False
Is 11100 a multiple of 111?
True
Does 6 divide 5304?
True
Does 116 divide 1392?
True
Does 5 divide 1165?
True
Does 12 divide 926?
False
Is 48015 a multiple of 21?
False
Is 940 a multiple of 20?
True
Is 127224 a multiple of 186?
True
Is 115862 a multiple of 129?
False
Is 110880 a multiple of 370?
False
Does 176 divide 45760?
True
Is 6 a factor of 510?
True
Is 419 a multiple of 6?
False
Is 20682 a multiple of 18?
True
Is 8624 a multiple of 28?
True
Does 19 divide 1436?
False
Does 39 divide 2223?
True
Does 20 divide 14664?
False
Is 41993 a multiple of 19?
False
Does 6 divide 95?
False
Is 61 a factor of 2834?
False
Does 19 divide 1178?
True
Is 2925 a multiple of 25?
True
Is 2835 a multiple of 9?
True
Is 30 a factor of 2430?
True
Is 14608 a multiple of 176?
True
Is 281 a factor of 34844?
True
Does 5 divide 6680?
True
Is 61 even?
False
Is 8472 a multiple of 24?
True
Is 8409 a multiple of 4?
False
Does 20 divide 3120?
True
Does 49 divide 22401?
False
Is 6598 a multiple of 14?
False
Is 81 a factor of 5265?
True
Does 70 divide 305?
False
Is 819 even?
False
Does 6 divide 54?
True
Is 32 a factor of 256?
True
Is 60 a factor of 68400?
True
Is 840 a multiple of 15?
True
Is 13 a factor of 2560?
False
Is 46 a factor of 22080?
True
Is 9 a factor of 12870?
True
Does 12 divide 8718?
False
Is 98397 a multiple of 24?
False
Is 56 a factor of 2016?
True
Is 18 a factor of 33577?
False
Does 3 divide 805?
False
Is 38 a factor of 912?
True
Does 50 divide 749?
False
Is 74 a factor of 2516?
True
Is 1550 a multiple of 25?
True
Is 5385 a multiple of 18?
False
Is 19 a factor of 7410?
True
Is 150 a multiple of 30?
True
Is 7 a factor of 2595?
False
Is 76 a factor of 14573?
False
Does 16 divide 52160?
True
Is 10507 a multiple of 133?
True
Does 9 divide 3972?
False
Does 188 divide 18048?
True
Does 13 divide 40352?
True
Does 83 divide 138361?
True
Does 9 divide 279?
True
Is 258 a factor of 42647?
False
Is 6188 a multiple of 26?
True
Is 33 a multiple of 25?
False
Is 19 a factor of 4672?
False
Does 57 divide 17155?
False
Is 4430 a multiple of 5?
True
Is 23 a factor of 1311?
True
Does 247 divide 45368?
False
Does 19 divide 190?
True
Does 8 divide 8480?
True
Is 151 a multiple of 2?
False
Is 63 a factor of 13215?
False
Is 82 a factor of 984?
True
Does 10 divide 1137?
False
Is 16 a factor of 3472?
True
Is 47 a factor of 1217?
False
Is 2 a factor of 1431?
False
Is 5160 a multiple of 8?
True
Does 51 divide 4488?
True
Is 348 a factor of 57181?
False
Is 72 a multiple of 2?
True
Does 122 divide 69540?
True
Does 16 divide 2224?
True
Is 16450 a multiple of 50?
True
Is 9 a factor of 3771?
True
Is 5841 a multiple of 6?
False
Does 47 divide 474?
False
Is 3085 a multiple of 12?
False
Is 29 a factor of 499?
False
Is 2481 a multiple of 15?
False
Is 11 a factor of 456?
False
Is 241 a factor of 3856?
True
Is 1613 a multiple of 22?
False
Does 35 divide 10605?
True
Is 3996 a multiple of 54?
True
Is 90375 a multiple of 85?
False
Is 3 a factor of 650?
False
Is 1846 a multiple of 7?
False
Does 31 divide 837?
True
Is 134067 a multiple of 87?
True
Does 21 divide 29610?
True
Is 21 a factor of 2867?
False
Does 10 divide 55372?
False
Is 3000 a multiple of 4?
True
Does 9 divide 1278?
True
Is 29 a factor of 18096?
True
Does 46 divide 372?
False
Does 12 divide 114840?
True
Is 795 a multiple of 4?
False
Is 108 a factor of 3348?
True
Does 25 divide 2000?
True
Does 25 divide 504?
False
Does 222 divide 9062?
False
Is 20643 a multiple of 33?
False
Is 37 a factor of 907?
False
Does 20 divide 175?
False
Is 623 a multiple of 48?
False
Is 22 a factor of 4191?
False
Does 5 divide 1145?
True
Is 4 a factor of 592?
True
Does 24 divide 768?
True
Is 21730 a multiple of 265?
True
Does 16 divide 656?
True
Is 28 a factor of 1038?
False
Is 313 a multiple of 3?
False
Is 38 a factor of 45144?
True
Does 28 divide 937?
False
Does 23 divide 1518?
True
Is 576 a multiple of 32?
True
Is 9 a factor of 2507?
False
Does 52 divide 18144?
False
Does 22 divide 43564?
False
Is 1095 a multiple of 5?
True
Is 91 a factor of 36764?
True
Does 17 divide 12604?
False
Does 203 divide 90335?
True
Is 188694 a mul